the prime factors of r.
19
Let d be 2583/14 + 2/4*-1. Let x = 296 - d. What are the prime factors of x?
2, 7
Suppose -4*k + 376 = -4*j, -5*k + 2*j - j = -458. Suppose -2*n = -5*n - 2*g + k, -3*g - 127 = -4*n. What are the prime factors of n?
31
Suppose -5*p = -16788 - 5902. List the prime factors of p.
2, 2269
Let o(a) = -59*a + 4 + 59*a + a**2. What are the prime factors of o(-3)?
13
What are the prime factors of (-11)/(45/(-84) - 8/(-16))?
2, 7, 11
Suppose 3*f + 2*y = -477, -y + 674 = -4*f + 38. What are the prime factors of f/((-3)/(-6)*-2) - -1?
2, 5
Suppose -5*c + 135 = 3*a + 2*a, -c = 4*a - 120. What are the prime factors of a?
31
Let q = -134 - -575. What are the prime factors of q?
3, 7
Suppose -r + 0 = -5. Suppose 10*q - 120 = r*q. Let d = 1 + q. What are the prime factors of d?
5
Suppose 5*b - 20 = 0, 4*b + 0*b + 661 = g. What are the prime factors of g?
677
Let k(p) be the third derivative of p**5/15 - 11*p**4/24 - 17*p**3/6 + 12*p**2. Let m be k(-7). Suppose 0 = 4*d - 0*d - m. List the prime factors of d.
2
Let s be 15/10 + (-38)/4. Let y = 8 + s. Suppose y*i = -4*i + 56. What are the prime factors of i?
2, 7
Suppose 2*d - 462 = -y - 2*d, -3*d = -4*y + 1886. What are the prime factors of y?
2, 5, 47
Suppose 0 = -a + 5*k + 91, -8*a = -3*a - k - 479. Suppose 5*i + 11 = a. List the prime factors of i.
17
Suppose 19*i - 37388 = 7053. What are the prime factors of i?
2339
Let l(v) = v + 386. What are the prime factors of l(-33)?
353
Let w(c) = 2*c**2 + 3*c + 3. Suppose 3 = -5*a - 42. Let g(o) = 3*o + 22. Let u be g(a). What are the prime factors of w(u)?
2, 19
Suppose 0 = -3*l + 1293 + 819. What are the prime factors of l?
2, 11
Let m = -2 + 726. What are the prime factors of m?
2, 181
Let u = -355 - -637. Suppose 5*k - 495 = -3*t + 8*t, 2*t - u = -3*k. List the prime factors of k.
2, 3
Suppose -15 = -t + z + 278, 0 = 4*t - 2*z - 1170. What are the prime factors of t?
2, 73
What are the prime factors of ((-15942)/(-6))/((-6)/36*-6)?
2657
Let d(t) = t**2. Let x be d(2). Suppose -s + 2*b = -2*s + 40, -s = x*b - 50. What are the prime factors of s?
2, 3, 5
Let r = 7406 + -3225. What are the prime factors of r?
37, 113
Let o(k) = -k - 5. Let r(m) = -m + 1. Let q(n) = -3*o(n) - 6*r(n). List the prime factors of q(3).
2, 3
Let c = 918 + -202. List the prime factors of c.
2, 179
Let k(m) = 4*m**2 - 5*m + 25. What are the prime factors of k(-7)?
2
Let a = 34 - -388. Let q = a + -171. What are the prime factors of q?
251
Suppose 2*t - 10 = 0, -5*q - 630 = 5*t - 0*t. Let y = 185 + q. List the prime factors of y.
2, 3
Let g(p) = p + 7. Let o be g(-3). Suppose -6 = -2*a, o*x - 3*a - 298 = -5*a. List the prime factors of x.
73
Suppose -3*p - 4*o = 2*p, 5*o = 2*p. Suppose -3*v = -0*v + 5*q - 280, p = 2*v + 5*q - 180. What are the prime factors of v?
2, 5
Suppose -2*b + 2*v + 282 = 0, 2*v - 172 = -2*b + 126. What are the prime factors of 0 + b - (14 - 9)?
2, 5, 7
Suppose -8 = -2*k, -4*w - 4*k = -2*w - 8. Let p(x) = -x - 1. Let y be p(w). List the prime factors of 190/12 - y/(-18).
2
Let x be (-22)/4*1*-2. Suppose -8*f - 75 = -x*f. Let p = -13 + f. List the prime factors of p.
2, 3
Let a = -25 - -46. Suppose a*f = 8*f + 1248. List the prime factors of f.
2, 3
Let l(i) = 539*i - 406. What are the prime factors of l(9)?
5, 7, 127
Suppose -60*f - 1352 = -62*f. Suppose -4*d - 195 + 859 = -2*y, 4*d + y - f = 0. What are the prime factors of d?
2, 3, 7
Let a = -32 - -33. Let q be 0 + a + -121 + -2. Let w = 189 + q. What are the prime factors of w?
67
Suppose 6*n = 2*n + y + 4815, -4*y + 2412 = 2*n. What are the prime factors of n?
2, 7, 43
Let o(r) = 3*r**3 + 2*r**2 + 6*r + 3. List the prime factors of o(6).
3, 11, 23
Let q = -15 - -29. Let l = 19 - q. Suppose 8*r = 3*r - d + 275, 4*d - 260 = -l*r. List the prime factors of r.
2, 7
Let j(z) = 20*z - 11. Let w = 22 + -9. Let f be j(w). Suppose -5*b + b = 2*q - 258, 4*b + 5*q - f = 0. What are the prime factors of b?
2, 3, 11
Let s = 68 - 65. List the prime factors of (-2)/s - -21*(-200)/(-36).
2, 29
Let a(g) = -g**2 + 11*g - 9. Suppose -w = 2*m - 16, -55 = -3*w - 2*m - 3. Let y = w - 9. What are the prime factors of a(y)?
3
Suppose 5*n = n + 1140. List the prime factors of n.
3, 5, 19
Let s(h) = -h**3 + 18*h**2 + 20*h - 24. Let p be s(19). Let k = p + 55. List the prime factors of k.
2, 5
Let x = -62 + 586. What are the prime factors of x?
2, 131
Suppose 4*r - 48 = -3*m, 2*r = -3*r - 2*m + 67. Let f = r + 10. What are the prime factors of f?
5
Let y(u) = -20*u - 36. What are the prime factors of y(-10)?
2, 41
Let a = -2370 + 5182. What are the prime factors of a?
2, 19, 37
Let z(l) = 18*l**2 + 3*l + 1. Let m be z(-2). Let c = m - 52. List the prime factors of c.
3, 5
Let x(i) = -19*i - 5. Let r be x(-3). Let w = r + -11. What are the prime factors of w?
41
Let s be 0 - (-5 - (-8)/4). Suppose -8*j + 25 = -s*j. Suppose 2*k - 5*t - 26 = 37, 0 = -j*k - 2*t + 85. What are the prime factors of k?
19
Let n be 40/(-6)*24/(-20). Let i = -3 + n. Suppose 5*o - b - 90 = 0, 2*o = i*b - 2*b + 23. What are the prime factors of o?
19
Let s(n) = 12*n**2 - 18*n - 130. What are the prime factors of s(-8)?
2, 17, 23
Let v(w) = w**2 - 3*w - 1. Let h be v(4). Let r = h - -2. What are the prime factors of 10/r - (-1 - 0)?
3
Suppose 3*c + 2*y = 5*c - 100, 2*y + 235 = 5*c. What are the prime factors of c?
3, 5
Suppose 349*b = 348*b + 262. What are the prime factors of b?
2, 131
Let s be (-3 + -3)/(2/7). Let u = 50 + s. List the prime factors of u.
29
Let c be (-4)/(-6)*81/(-18). Let z be (-8)/(-6)*(c + 0). Let i(j) = j**2 - 3*j + 2. List the prime factors of i(z).
2, 3, 5
Suppose 5*b - o - 4*o = 4940, 3*b + 3*o = 2946. What are the prime factors of b?
5, 197
Let z(u) = u**2 - 3*u + 4. Let o be z(6). Let a = 22 - o. Suppose -2*n - 4*j + 62 = 0, a*n - 2*n = 3*j - 63. What are the prime factors of n?
3, 11
Let o(m) = m**2 - 18*m - 340. What are the prime factors of o(46)?
2, 3, 79
Let u(z) = 3*z**2 - 3*z - 1. Let f(v) = 5*v - 26. Let m be f(7). What are the prime factors of u(m)?
5, 43
Suppose -8*n + 735 = -3*n. Let a = n - 27. What are the prime factors of a?
2, 3, 5
Let r = -1155 - -1713. List the prime factors of r.
2, 3, 31
Suppose -351*k = -352*k + 26. Let p = 16 - 22. Let y = p + k. List the prime factors of y.
2, 5
Suppose -5*a + 5*l - 8 = 2*l, -4*a = 3*l + 1. What are the prime factors of (-6 + -73)*(a + -1)?
2, 79
Let o(v) = 4*v**2 + 8*v - 14. Let x(q) = -8*q**2 - 15*q + 27. Let p(y) = -11*o(y) - 6*x(y). List the prime factors of p(-6).
2, 31
Suppose 3*x + 0*x = 0. Suppose x = 2*s - 10 + 6. What are the prime factors of s?
2
Let l = 147 + -9. Suppose 3*n - 210 = -5*u + 8*n, -3*u = 3*n - l. Suppose q - 4*q + 32 = k, -3*q = -2*k - u. List the prime factors of q.
2, 3
Let c = -7 + 34. Let h(k) = -k**2 + 29*k - 1. List the prime factors of h(c).
53
Let o(c) be the first derivative of -c**4/4 - 2*c**3/3 + 2*c**2 + 4*c + 16. Let l be (-19)/4 + 1/(-4). What are the prime factors of o(l)?
59
Let y be 242/3 + (-32)/12 + 2. Let w = y - 57. What are the prime factors of w?
23
Let y(g) = g + 419. What are the prime factors of y(0)?
419
Suppose 2*f - 3*f - 2*b + 5 = 0, 4*f + 5*b - 32 = 0. Let t = 19 - f. What are the prime factors of t?
2, 3
Suppose -3*f - 3*f - 546 = 0. What are the prime factors of (-1)/1 + -2 + (-2 - f)?
2, 43
Let b = 15 + -15. Suppose b = -4*h - h + 530. Suppose -4*l + h = -42. What are the prime factors of l?
37
Let u be 2 + (-3)/(9/(-3)). Let o(x) = -x**3 + 10*x**2 - x + 5. Let n be o(5). Suppose 2*y = -u*y + n. List the prime factors of y.
5
Let a be (4/(-16))/((-1)/188). Suppose -124 + a = -7*y. What are the prime factors of y?
11
Let z = 476 + 3630. List the prime factors of z.
2, 2053
Suppose -5*v = -4*v + 5*i - 545, v = -4*i + 546. List the prime factors of v.
2, 5, 11
Suppose 5*h - 12*h = 126. Let a = h + 88. List the prime factors of a.
2, 5, 7
Let c(j) = -j**2 + 10*j + 58. Let w be c(14). Suppose -w*k = m - 176, -k = m + 2*m - 523. List the prime factors of m.
2, 3, 29
Let y(b) = 2*b**2 - 35*b - 15. Let p be y(18). Suppose 5*s - p*s = 5*c + 231, 0 = 5*s + 5*c - 630. List the prime factors of s.
3, 41
Suppose 2 + 8 = 2*u. Suppose u*i = 7*i - 104. List the prime factors of i.
2, 13
Let i(p) be the third der